
Let q(m) be the third derivative of m**6/120 + m**5/20 - m**4/4 - m**3/2 + 24*m**2. Let g(t) = t**3 + 3*t**2 + t - 1. Let y be g(-3). Give q(y).
5
Let o(g) = 0 + 8 - 6 - 4*g - 1. Determine o(-1).
5
Let h be (-4)/(-18) - (-50)/18. Let j(m) = -4 + 2*m - h*m**2 - m**3 + 4*m - 4*m. Calculate j(-4).
4
Let h(d) = 4*d**3 - 7*d**2 + 2*d + 6. Let k(l) = 3*l**3 - 5*l**2 + l + 4. Let w(s) = -5*h(s) + 7*k(s). Let p be w(-2). Let g(x) = x + 3. Give g(p).
-1
Let y(j) = j - 1. Let u(x) = -x. Let d(o) = 5*o + 3. Let c(p) = d(p) + 4*u(p). Let i be c(-3). Suppose 3*l + i*l + 3*g = -6, -5*g - 25 = 0. Give y(l).
2
Let p(y) = -y**3 - y**2 + 4*y - 1. Let l be p(-3). Let i(c) = c**3 + 9*c**2 - c - 7. Let g be i(-9). Let x(q) = -q**2 - q + 0*q**g + l*q - 2. What is x(5)?
-7
Let z(f) = -2*f**3 + 23 + 3*f**2 + 0*f**3 + f**3 - 18. Give z(4).
-11
Let w = 167/3 + -54. Let h(b) be the first derivative of 2*b + 1/4*b**4 - 1 - w*b**3 + 1/2*b**2. What is h(5)?
7
Let c(o) = 5*o**2 - 33*o - 21. Let p(f) = -f**2 + 8*f + 5. Let k(y) = 2*c(y) + 9*p(y). Determine k(-6).
3
Let l(g) = 4*g**2 + 1 + 1 + 0*g**2 - 3*g**2 + 2*g. Determine l(-3).
5
Let v(j) = -j**3 + 4*j**2 + 5*j - 1. Let u(o) = 5 - 2*o**3 + 3*o**2 - o**2 - 3*o**2 + o**3. Let y be u(0). Give v(y).
-1
Let r(a) = 1 - 4*a**2 + 5*a**2 + 1 - 3*a. Suppose b + l - 7 = 0, 5*l = -4*b + 5 + 22. Suppose -s + b = -4*j, s - 5*j + 15 = 6*s. Determine r(s).
6
Let z(v) be the first derivative of -v**3/3 - 5*v**2/2 + 6*v - 1. Let p(g) = -5*g**2 - 2*g + 1. Let s be p(1). Give z(s).
0
Let w(a) = 3*a**2 + 3*a + 1. Suppose 2*n = 3*b + 18, 0*n - 3*b + 42 = 2*n. Let q = 13 - n. What is w(q)?
7
Let g(z) = z**2 + 7*z + 5. Let v be g(-7). Suppose 14 = -t - 2*c + 6*c, 0 = -v*t + c + 6. Let r(x) = -2*x**3 + x**2 - 1. Calculate r(t).
-13
Suppose 0 = -b - b + 6. Let f(l) = -4*l + 2 + 1 + b*l - 2. Determine f(-6).
7
Let b = -5 + 3. Let m = 3 - b. Let n(h) = 2*h**3 + 2 - h**3 - 4*h**2 + m*h**2. Calculate n(-2).
-2
Let u be ((-12)/(-15))/(4/10). Let k(q) = 0*q + q + 0*q + u. Calculate k(3).
5
Let x(g) = -g + 1. Let z(t) = t**3 - 9*t**2 - 10*t + 3. Let y be z(10). Let q be x(y). Let j(p) = p**3 + 3*p**2 - 2. Determine j(q).
2
Suppose -v - 3*v + 7 = -3*o, -3*o - 3*v = 21. Let l(r) be the second derivative of r**3/6 - r**2 - r. Give l(o).
-7
Let g(l) = -1 + 8 + 0 + l. Let c = 0 + -6. Give g(c).
1
Let f(j) = 24 - 12 + 3*j - 9. Let i(d) = 3*d + 2. Let u be i(-3). Let q(s) = s + 3. Let g be q(u). Determine f(g).
-9
Let y = 5 + -3. Suppose 20 = -5*m, -y*m + 0*m = 3*k + 8. Let j(l) = 4*l - 5. Let u(d) = d. Let c(x) = j(x) - 3*u(x). Give c(k).
-5
Let l(f) be the first derivative of -3*f**2/2 + 4*f + 32. Give l(5).
-11
Let q(g) = -5*g**3 - 3*g**2 - g + 9. Let b(r) be the first derivative of -3*r**4/2 - 4*r**3/3 - r**2/2 + 10*r - 6. Let p(j) = -4*b(j) + 5*q(j). Calculate p(0).
5
Let a(w) = w**2 + 6*w + 6. Let q be 2/(-4) + (-33)/(-6). Let j be (-10)/q - (-1 - 3). Suppose 2*y = 5*t, j*y - 2*t + 2 = 2*t. What is a(y)?
1
Let q(l) = l**3 - 11*l**2 + 3*l - 1. Let d(m) = m**3 - 10*m**2 + 3*m. Let b(z) = -5*d(z) + 4*q(z). Determine b(5).
6
Let i(z) be the second derivative of -z**5/20 - z**4/3 + z**3 + 2*z**2 - z. Let h(d) = 2*d + 1. Let n be h(-3). Give i(n).
-1
Let h(f) = -7*f. Suppose -7*q + 5*q = -4. What is h(q)?
-14
Let v(u) be the second derivative of u**4/12 + u**3/6 + u. Suppose 0 = q - 2. Let m(z) = 3*z**2 + 5*z + 3. Let j(k) = q*v(k) - m(k). Give j(-2).
-1
Let a be 1*(3 + -2) - -17. Let u be 4/a - 58/18. Let k = -4 - u. Let t(r) = -4*r**3 + 2*r**2 + 2*r + 1. What is t(k)?
5
Let t(r) = r**3 + 4*r**2 + 2*r - 2. Let y(a) = 4*a - 1 + 0 + 2 - 5*a. Let p be y(4). Give t(p).
1
Let r(b) be the first derivative of b**3/3 + 5*b**2/2 + 4*b + 1. Suppose 9 = -5*c - 36. Let y = c - -5. Calculate r(y).
0
Let j(d) be the second derivative of 5*d**3/6 - d**2 + 19*d. Give j(3).
13
Suppose -4 = -5*m + 11. Let n(p) = -2 - m*p + 3*p + 2*p. Let c(g) = g**3 + 6*g**2 - 7*g + 4. Let y be c(-7). Give n(y).
6
Suppose -3*k + a + 5 = 1, 0 = -4*k + 5*a + 9. Let u(g) = -2*g + 1. What is u(k)?
-1
Let p(k) = 15*k**3 - 17*k**2 + 6*k - 15. Let n(s) = -7*s**3 + 8*s**2 - 3*s + 7. Let y(b) = 13*n(b) + 6*p(b). What is y(2)?
-5
Let d(h) = -2*h - 3*h + 2 + 0 - h**3 + 7*h**2. Give d(3).
23
Let y(l) = -l**3 - 4*l**2 + 5*l + 1. Let v(d) = 2*d + 9. Let m be v(-7). Calculate y(m).
1
Let n(y) be the first derivative of -y**5/20 - y**4/3 - y**3/6 - 3*y**2/2 - 3*y + 4. Let s(a) be the first derivative of n(a). Give s(-4).
1
Let w(c) be the second derivative of 1/12*c**4 - 1/2*c**3 + 1/2*c**2 + 0 + 3*c. Calculate w(1).
-1
Let t(a) = -2*a. Let k = -16 - -22. Let g(f) = 5 + f**3 - 8*f - 2 - k*f**2 - f**2. Let h be g(8). Determine t(h).
-6
Let z(s) = -s**3 - 4*s**2 - 4*s - 4. Let l be z(-3). Let d = 0 - l. Suppose -c + d = -0*c. Let r(m) = -8*m + 1. What is r(c)?
-7
Let f(l) = -l + 10. Let a = -10 + 14. Suppose 4*t = -5*v - 4 + 45, 0 = 2*t - a*v + 12. Let x be 33/6 + (-2)/t. Determine f(x).
5
Suppose 2*d + 2*o = 10, 0 = -d + 5*d + 3*o - 23. Let z be 2/d - 11/(-4). Let a(n) = 0*n - 2 - n - 2*n**z + n**3 + 5*n**2. What is a(5)?
-7
Let q(w) be the second derivative of 0*w**3 + 5*w + 0 + 1/2*w**4 + 0*w**2. What is q(1)?
6
Let w = -96 + 91. Let r(u) = -u**2 - 6*u - 6. Give r(w).
-1
Let k = -1 + 8. Let g(y) = 0*y + 2 + 0*y + k*y**2 - y**3 - 5*y**2. What is g(3)?
-7
Let r(j) be the second derivative of -j**4/12 - j**3/2 + j**2/2 + 10*j. What is r(-5)?
-9
Suppose b = 4*b + 5*n - 20, -5*b = n - 4. Suppose 3*o + b*o - 2*m = -17, -37 = 5*o + m. Let t(y) = y**3 + 8*y**2 + 6*y - 1. What is t(o)?
6
Let c(d) be the first derivative of d**5/20 - d**3/3 + d**2/2 + d + 2. Let u(m) be the first derivative of c(m). What is u(-2)?
-3
Let o(x) = x**2 + 3. Let r be (6/8)/(3/(-12)). Determine o(r).
12
Let y(j) = j**2 + 4*j - 3. Suppose -24 = -3*k + 3*i, 5 = -2*i - 1. Suppose -6*q = d - k*q + 8, -5*q = 4*d + 35. Calculate y(d).
2
Let o(m) = -m - 7. Let g(v) = -v + 3. Suppose -2*p + 3 + 3 = 0. Let k be g(p). What is o(k)?
-7
Let y(g) = -33*g + 3 - 31*g + 65*g. Calculate y(6).
9
Let o(v) = -v**2 + 13*v + 16. Let z be o(14). Let x(p) = -5 + 13*p + 4*p**2 - 10*p - 5*p**2 + 0*p**z. Determine x(5).
-15
Let d(r) be the second derivative of -r**3/2 - r**2/2 - 3*r. Let i(j) = -8*j - 2. Let h(a) = 11*d(a) - 4*i(a). What is h(-5)?
2
Let s(d) = d**3 + 2*d**2 + 2. Let j be s(-2). Let m = 1 - j. Let v(n) = -16*n**2 + n. Give v(m).
-17
Let m(k) = 5*k + 3. Let o(j) = -j**3 + 1. Let s be 2*(-2 + 6/4). Let a be o(s). Suppose -4*r - 4 = -4*d - 0, 0 = -a*r + d - 3. Give m(r).
-7
Suppose -49*x + 47*x - 6 = 0. Let s(t) = -t**2 + t. Determine s(x).
-12
Suppose 0*x - 4*t + 6 = x, -4*x + 24 = 2*t. Let k(u) = -u**3 + 7*u**2 - 8*u + 6. What is k(x)?
-6
Let i(y) = -y**3 + 2*y + 1. Suppose -3*x + 6 + 0 = 0. Let k = x + 0. Determine i(k).
-3
Let l(b) = -b. Let r(t) = -7*t - 1. Let i(w) = -l(w) + r(w). Let o(s) = -2*s + 1. Suppose -4*n - y = -3, -3*y - 3 + 1 = n. Let m be o(n). What is i(m)?
5
Let n(q) = -6*q + 3 - 2*q**2 + q**2 - 3. Suppose 0 = h + 6*h + 49. Determine n(h).
-7
Let l = 1 + 2. Suppose l*g + 0 + 6 = 0. Let m(i) = -i**3 - i**2 - 2*i - 3. Calculate m(g).
5
Let c(v) be the first derivative of v**4/12 - v**3/6 - v**2/2 + 5*v + 7. Let t(s) be the first derivative of c(s). Give t(0).
-1
Let k be (1 + -2)/((-1)/3). Suppose 3*h = -2*n + k*n + 6, -n = 3*h - 6. Suppose 2*c - h = r + 1, 0 = 3*r + 2*c - 23. Let j(u) = -u**2 + 5*u + 3. Give j(r).
3
Suppose -2*x = 5*h - 19, -h + 0*h = -2*x + 1. Suppose -4*q = -h*q - 1. Suppose -2*z - 5*w + 20 = z, q = w. Let a(r) = r - 2. What is a(z)?
3
Let g(r) = -2*r**2 - 11*r + 7. Let u(z) = z**2 + 10*z - 7. Let x(n) = 2*g(n) + 3*u(n). Calculate x(8).
-7
Let h(a) = -2*a**3 - 15*a**2 - 9*a + 6. Let o(y) = 8*y**2 + 8*y - 3 + y**3 - 3*y + 0. Let f(q) = -3*h(q) - 5*o(q). Suppose -5*t = -3*t + 6. Give f(t).
9
Let m(h) = -26*h**2 + 18*h**2 - 3*h + 9*h + 8 + h**3. Give m(7).
1
Let d(c) be the third derivative of -13*c**5/60 + c**3/6 + c**2. Suppose -4 = -2*m - 22. Let a = -8 - m. Give d(a).
-12
Let w(o) = -11*o**2 + 14*o - 11. Suppose -24 = -10*t + 7*t. Let b(d) = 4*d**2 - 5*d + 4. Let g(v) = t*b(v) + 3*w(v). Let k = -6 - -4. What is g(k)?
-9
Suppose 3*w - i = -14, w = -4*i - 11 + 2. Let u = w + 5. Let j(p) = -p + 6. Determine j(u)